Let b(k) = -k**2 + 13*k + 1042. What is b(-26)?
28
Let z(y) = 58*y - 1802. What is z(31)?
-4
Let m(v) = -81*v + 188. Determine m(2).
26
Let m(h) = -h**2 - 7*h + 2. Calculate m(-5).
12
Let l(t) = 723*t - 3538. What is l(5)?
77
Let z(l) = 70*l**2 - 22*l + 41. What is z(2)?
277
Let m(z) = -z**3 - 7*z**2 + 28*z + 20. What is m(-10)?
40
Let b(u) = 5*u**3 + 17*u + 30. Calculate b(-2).
-44
Let u(h) = 2112*h + 10581. What is u(-5)?
21
Let d(i) = 5*i**3 + 2*i**2 + 5*i + 9. Determine d(-3).
-123
Let t(g) = 6*g**2 + 158*g + 813. Calculate t(-7).
1
Let y(w) = 3513*w - 10528. What is y(3)?
11
Let l(k) = -163*k**2 - 3. Calculate l(0).
-3
Let j(s) = -s**3 + 20*s**2 + 28*s - 139. What is j(21)?
8
Let v(x) = -2*x**3 - 31*x**2 + 39*x + 448. What is v(-16)?
80
Let n(x) = x**2 - 63*x - 26. What is n(19)?
-862
Let q(r) = -4*r**2 - 110*r + 567. Determine q(-32).
-9
Let h(s) = -84*s**2 + 507*s + 2. Determine h(6).
20
Let x(s) = -7*s - 375. Calculate x(8).
-431
Let y(d) = 710*d - 8546. Determine y(12).
-26
Let i(j) = 2*j**3 + 8*j**2 - 11*j - 11. Calculate i(-6).
-89
Let y(k) = 2*k**2 + 94*k + 126. What is y(-47)?
126
Let x(u) = -u**3 - 54*u**2 + 57*u + 9. Determine x(-55).
-101
Let g(u) = 283*u - 3107. What is g(11)?
6
Let a(b) = -b**2 - 2263*b - 18044. Give a(-8).
-4
Let v(n) = 2*n**2 + 6642*n - 33267. Give v(5).
-7
Let p(u) = 454*u - 4538. Determine p(10).
2
Let b(i) = i**3 + 49*i**2 + 52*i + 32. What is b(-48)?
-160
Let h(f) = -53*f**2 + 129*f - 28. What is h(2)?
18
Let a(v) = -77*v + 181. Determine a(4).
-127
Let f(i) = 19*i - 1277. Calculate f(68).
15
Let l(v) = -2*v**3 - 20*v**2 + 16*v + 59. Give l(-12).
443
Let d(u) = -u**3 - 24*u**2 - 138*u + 53. Calculate d(-14).
25
Let c(a) = 2582*a + 10324. Determine c(-4).
-4
Let m(k) = -2*k**2 + 6*k + 15. Give m(7).
-41
Let j(m) = -4*m**3 - 143*m**2 + 30*m - 181. Give j(-36).
35
Let l(o) = -o**2 + 41*o - 416. Determine l(15).
-26
Let f(s) = -101*s + 510. Give f(5).
5
Let f(s) = s**2 + 2410*s + 5. What is f(0)?
5
Let z(m) = -138*m**2 - 10*m - 9. What is z(-1)?
-137
Let f(w) = 55*w**3 - w**2 - 2*w. What is f(-1)?
-54
Let n(h) = 2*h**3 + 70*h**2 + 65*h - 109. Determine n(-34).
-7
Let v(o) = -2*o**3 + 142*o**2 - 3*o + 170. What is v(71)?
-43
Let d(h) = 507*h**3 - h**2 + 245*h - 244. Give d(1).
507
Let w(d) = -52*d - 549. What is w(-10)?
-29
Let g(h) = 12*h + 1. Calculate g(-2).
-23
Let s(f) = 66*f - 2708. Determine s(41).
-2
Let c(r) = r**3 + 13*r**2 - 64*r + 3. Determine c(-17).
-65
Let n(w) = 6*w**2 - 1890*w - 6. Give n(315).
-6
Let s(m) = 2*m**3 - 11*m**2 - 44*m + 25. What is s(8)?
-7
Let c(m) = 24*m - 545. Calculate c(23).
7
Let w(n) = n**3 - 24*n**2 + 66*n - 67. Give w(21).
-4
Let l(m) = 12*m + 203. Calculate l(-9).
95
Let b(t) = t**3 - 21*t**2 + 17*t - 242. Calculate b(21).
115
Let t(c) = -c**3 + 55*c**2 + 370*c - 256. What is t(61)?
-12
Let k(q) = 3841*q - 26926. What is k(7)?
-39
Let f(h) = -13*h + 140. Give f(11).
-3
Let u(z) = 1155*z - 8096. Determine u(7).
-11
Let r(v) = 4*v**2 - 186*v + 444. Determine r(44).
4
Let d(m) = -6*m**3 + 16*m**2 - 37*m - 9. Calculate d(5).
-544
Let y(v) = 101*v**3 - 9*v**2 - 9*v. Calculate y(-1).
-101
Let u(h) = -40*h**3 + 7*h**2 - 10*h - 8. Give u(2).
-320
Let l(b) = -6*b**3 + 831*b**2 - 412*b - 277. Calculate l(138).
-1
Let z(g) = -3*g**3 + 40*g**2 - 40*g + 358. Determine z(13).
7
Let b(k) = 121*k + 11. What is b(2)?
253
Let k(u) = u**3 - 19*u**2 - 56*u + 275. What is k(21)?
-19
Let t(m) = -24*m - 441. Calculate t(-19).
15
Let p(z) = 3*z**3 + 34*z**2 + 25*z + 146. What is p(-11)?
-8
Let h(t) = -80*t + 298. What is h(5)?
-102
Let l(k) = -45225*k + 316578. Give l(7).
3
Let m(x) = -x**2 - 61*x + 4. Give m(0).
4
Let r(b) = -b**2 - 8*b + 325. Determine r(-20).
85
Let z(c) = -c**2 + 28*c - 114. What is z(26)?
-62
Let v(y) = 6*y**3 + 160*y**2 - 52*y + 47. Determine v(-27).
-7
Let v(f) = -2848*f - 14195. Calculate v(-5).
45
Let z(h) = h**3 + 11*h**2 + 9*h + 13. Calculate z(-8).
133
Let i(t) = -2*t**2 + 78*t - 142. Give i(31).
354
Let u(l) = -l**2 + 50*l - 363. Determine u(9).
6
Let w(o) = 43*o - 2382. Determine w(54).
-60
Let w(n) = -124*n + 1361. Calculate w(11).
-3
Let h(w) = -106*w**3 + 635*w**2 - 5*w - 7. Calculate h(6).
-73
Let a(h) = -65*h**2 + 397*h + 15. What is a(6)?
57
Let c(k) = -2*k**3 + 37*k**2 + 28*k - 145. Determine c(19).
26
Let i(k) = 44*k + 140. Calculate i(-6).
-124
Let r(j) = 3*j**2 + 406*j - 2432. What is r(6)?
112
Let n(m) = 60*m**3 + 3122*m**2 + 101*m - 158. What is n(-52)?
-2
Let s(t) = t**3 + 75*t**2 - 235*t - 78. Calculate s(-78).
0
Let k(h) = -h**3 + 12*h**2 - 31*h - 7. What is k(8)?
1
Let u(d) = -4*d**2 + 177*d - 1775. Give u(29).
-6
Let l(s) = 2*s**2 - 544*s - 24965. Give l(-40).
-5
Let p(c) = -2*c**2 + 190*c + 183. What is p(96)?
-9
Let z(j) = j**3 - 4*j**2 + 11*j - 23. Give z(3).
1
Let z(s) = 204*s**2 - 1429*s - 17. Calculate z(7).
-24
Let c(u) = u**2 - 85*u - 48. Give c(85).
-48
Let i(r) = 24*r - 1847. Give i(52).
-599
Let o(g) = -g**2 + 118*g - 2607. Give o(88).
33
Let n(s) = -2487*s + 22386. Calculate n(9).
3
Let g(z) = -87*z + 864. Determine g(10).
-6
Let a(g) = -g**3 - 32*g**2 - 5*g - 99. Determine a(-32).
61
Let j(g) = -1778*g + 7092. Calculate j(4).
-20
Let l(c) = 23*c**2 + c + 7. Determine l(2).
101
Let l(f) = -2*f**2 + 53*f + 94. What is l(28)?
10
Let m(u) = 4*u**2 + 129*u - 405. What is m(3)?
18
Let i(a) = a**3 + 3*a**2 - 128*a - 474. Calculate i(-4).
22
Let s(l) = -5*l**2 - 116*l - 21. What is s(-23)?
2
Let d(f) = f**3 - 68*f**2 + 132*f - 1. Calculate d(66).
-1
Let c(p) = -p - 32. Determine c(25).
-57
Let j(i) = -23*i**2 - 493*i - 45. Calculate j(-21).
165
Let m(l) = -7*l - 146. Calculate m(-28).
50
Let l(w) = -138*w + 4270. What is l(31)?
-8
Let s(v) = -v**2 + 27*v - 112. Give s(19).
40
Let r(z) = 4*z**3 - 14*z**2 + 28*z - 11. Give r(2).
21
Let c(z) = 11*z**2 - 79*z + 12. Calculate c(7).
-2
Let p(y) = 39*y - 605. What is p(14)?
-59
Let j(t) = 2*t**3 + 20*t**2 - 61*t - 23. Calculate j(-13).
-244
Let v(p) = -p**2 + 687*p - 51181. Give v(85).
-11
Let z(y) = y**2 + 1651*y - 8269. Determine z(5).
11
Let g(x) = -117*x - 658. Calculate g(-6).
44
Let f(t) = -16*t**2 + 868*t - 1083. Calculate f(53).
-23
Let m(f) = 253*f**2 + 26*f + 27. What is m(-1)?
254
Let x(o) = o**2 - 155*o + 5184. Give x(106).
-10
Let a(f) = -9*f + 225. Give a(64).
-351
Let h(u) = 10*u**3 + 40*u**2 + 29*u + 123. What is h(-4)?
7
Let t(r) = 26*r**2 + 388*r - 25. Determine t(-15).
5
Let g(v) = 9*v**2 + 32*v - 13. Give g(6).
503
Let i(d) = d**3 - 8*d**2 + 9*d + 5. Give i(0).
5
Let m(g) = g**3 + 69*g**2 - 65*g + 343. Give m(-70).
-7
Let q(v) = -5*v**2 + 12*v - 4. Calculate q(4).
-36
Let w(k) = -k**3 + 45*k**2 + 46*k - 4. Give w(46).
-4
Let f(u) = 2*u**2 - 57*u - 127. Give f(-2).
-5
Let l(k) = -k**2 + 84*k + 631. Calculate l(-7).
-6
Let r(b) = b**2 + 9*b + 38. Determine r(-3).
20
Let b(v) = 183*v + 7705. What is b(-42)?
19
Let h(w) = 18*w**3 - 2*w - 2. Give h(-1).
-18
Let i(s) = -s**2 + 53*s + 425. Determine i(59).
71
Let n(w) = 13*w + 875. What is n(-74)?
-87
Let d(n) = -139*n + 1011. What is d(7)?
38
Let t(s) = 69*s**2 - 466*s - 97. Give t(7).
22
Let n(d) = 6*d**3 - 171*d**2 + 85*d - 33. Give n(28).
-5
Let f(p) = -p**3 + 45*p**2 - 80*p - 333. Give f(43).
-75
Let k(d) = -d**3 + 10*d**2 - 5*d - 77. Give k(8).
11
Let z(s) = s**3 + 44*s**2 - 108*s - 4705. What is z(-44)?
47
Let h(y) = 2*y**3 + 8*y**2 + 21*y - 106. What is h(4)?
234
Let t(w) = 24*w + 4572. Give t(-191).
-12
Let k(j) = -j**2 + 10*j + 297. Give k(24).
-39
Let f(r) = -50*r**2 - 11*r - 21. What is f(-2)?
-199
Let g(s) = -s**3 - 21*s**2 + 3*s - 45. Calculate g(-21).
-108
Let x(m) = 485*m + 2915. What is x(-6)?
5
Let d(r) = -437*r - 26. Determine d(1).
-463
Let r(g) = -g**3 + 36*g**2 + 78*g - 63. Give r(38).
13
Let g(s) = s**3 + 5*s**2 + 16*s + 23. Calculate g(-3).
-7
Let k(z) = -z**2 + 12*z + 11. Give k(10).
31
Let x(m) = 11*m**2 - 871*m + 148. What is x(79)?
-10
Let l(h) = 174*h - 2952. Give l(17).
6
Let f(y) = y**3 - y**2 - 93*y + 525. Calculate f(6).
147
Let j(t) = -16*t**2 + 2. What is j(4)?
-254
Let u(t) = 424*t**2 - 105*t - 104. Determine u(-1).
425
Let j(k) = k**2 + 20*k + 18. Determine j(-8).
-78
Let a(d) = 2*d**2 + 48*d - 1901. Determine a(-45).
-11
Let y(g) = -g**2 + 30*g + 720. What is y(45)?
45
Let i(o) = 309*o + 131